3771067 composite?
False
Is 3243263 a composite number?
True
Is 214768221 prime?
False
Is 28172563 a composite number?
False
Is 574062991 prime?
False
Is 15889659 a prime number?
False
Is 4222441 a composite number?
True
Is 31903853 a prime number?
True
Is 73382711 composite?
False
Is 6665747 prime?
False
Is 19665523 a prime number?
True
Is 280020511 a prime number?
False
Is 253027 prime?
False
Is 116729149 a prime number?
False
Is 20836705 prime?
False
Is 1488073 prime?
True
Is 2370583 composite?
True
Is 222021005 composite?
True
Is 37052423 a prime number?
True
Is 2019471 a prime number?
False
Is 480287 prime?
True
Is 4117829 prime?
True
Is 404189 a composite number?
False
Is 18431537 a composite number?
False
Is 1023643 a prime number?
True
Is 89326579 a composite number?
False
Is 1317433 prime?
False
Is 15767027 prime?
True
Is 417589 prime?
False
Is 4271861 a composite number?
True
Is 10750549 a composite number?
True
Is 372099841 prime?
False
Is 7858923 a composite number?
True
Is 66012577 a composite number?
False
Is 35682523 prime?
False
Is 14497877 composite?
False
Is 1899637 a composite number?
False
Is 102337387 a composite number?
True
Is 9186971 composite?
False
Is 447397 composite?
True
Is 30802601 a prime number?
False
Is 3778213 a composite number?
False
Is 428958973 composite?
False
Is 261001687 prime?
True
Is 126385781 composite?
False
Is 3348231 composite?
True
Is 14224517 a composite number?
False
Is 368243917 prime?
True
Is 9287537 composite?
True
Is 584167 composite?
False
Is 8659351 composite?
False
Is 75033137 a composite number?
False
Is 256967549 composite?
True
Is 20925979 a composite number?
True
Is 3195683 composite?
False
Is 5124659 prime?
True
Is 31096693 a prime number?
True
Is 822896309 a composite number?
False
Is 3297703 a prime number?
False
Is 346283813 a prime number?
True
Is 10698911 composite?
False
Is 47133587 a prime number?
True
Is 1429247 a composite number?
False
Is 150288695 prime?
False
Is 150581 composite?
True
Is 4618861 prime?
False
Is 13457989 a composite number?
False
Is 8931301 a composite number?
True
Is 1970707 a composite number?
True
Is 14946683 a prime number?
True
Is 2803559 a composite number?
True
Is 50819983 a prime number?
False
Is 173430823 prime?
True
Is 128066527 a prime number?
True
Is 93716981 a prime number?
True
Is 29054063 prime?
True
Is 4760942 composite?
True
Is 104799179 a composite number?
True
Is 65033497 prime?
True
Is 5721479 prime?
True
Is 24659513 prime?
True
Is 1270609 a composite number?
False
Is 5959 composite?
True
Is 995489 prime?
False
Is 7701073 composite?
False
Is 971587 composite?
True
Is 3741497 a prime number?
True
Is 2840417 a composite number?
False
Is 72586621 a composite number?
False
Is 21539647 a prime number?
False
Is 236872477 a prime number?
False
Is 88026907 a prime number?
True
Is 6691667 composite?
True
Is 204266443 composite?
True
Is 123323089 a composite number?
True
Is 341715085 composite?
True
Is 115854383 a composite number?
False
Is 469841 a composite number?
False
Is 10902931 prime?
False
Is 158962861 prime?
True
Is 669589 prime?
False
Is 20021 prime?
True
Is 5151499 prime?
False
Is 134776423 prime?
False
Is 27785453 composite?
True
Is 92030903 a prime number?
True
Is 23215649 prime?
False
Is 13252049 a composite number?
True
Is 496452379 prime?
False
Is 23995645 composite?
True
Is 21707969 a composite number?
False
Is 162158011 composite?
True
Is 163775819 composite?
True
Is 142495849 a composite number?
True
Is 2461357 a composite number?
True
Is 1033156361 prime?
False
Is 826942931 prime?
True
Is 82486181 prime?
False
Is 13628774 a prime number?
False
Is 16424423 a prime number?
True
Is 14007281 composite?
True
Is 44307577 a composite number?
True
Is 228023 composite?
False
Is 28024387 prime?
False
Is 11222879 a prime number?
False
Is 42818431 prime?
False
Is 6987583 a composite number?
False
Is 1022209 composite?
False
Is 9207361 a composite number?
True
Is 32775037 a composite number?
False
Is 7993463 a prime number?
False
Is 1687753 prime?
False
Is 57559211 composite?
False
Is 228400913 composite?
True
Is 18449943 a prime number?
False
Is 20314955 a composite number?
True
Is 156319501 a prime number?
False
Is 17247187 prime?
False
Is 157498378 a prime number?
False
Is 390380059 composite?
True
Is 13498973 prime?
True
Is 38342041 composite?
False
Is 1726079 composite?
False
Is 109132405 prime?
False
Is 36815567 prime?
True
Is 53170069 prime?
True
Is 52885631 a prime number?
False
Is 63634409 prime?
True
Is 56412231 a prime number?
False
Is 723229727 a composite number?
True
Is 5024983 prime?
False
Is 25168397 a composite number?
True
Is 65496071 a prime number?
True
Is 6131297 a prime number?
True
Is 22882303 composite?
False
Is 10689905 a prime number?
False
Is 2368601 a composite number?
False
Is 16209269 prime?
True
Is 418866839 a composite number?
False
Is 118967 composite?
False
Is 2818267 a composite number?
False
Is 29523127 prime?
True
Is 61951817 prime?
True
Is 6592321 a composite number?
False
Is 701593 a prime number?
True
Is 38035811 a prime number?
False
Is 2179897 a composite number?
False
Is 23768851 composite?
False
Is 30181027 composite?
False
Is 309384403 a composite number?
True
Is 12873871 composite?
False
Is 26038751 prime?
True
Is 5396947 composite?
True
Is 210788239 a prime number?
True
Is 25228069 a prime number?
False
Is 13787639 a composite number?
False
Is 704699 a composite number?
True
Is 4022173 a composite number?
False
Is 3437365 composite?
True
Is 4222347 prime?
False
Is 1765079 a composite number?
False
Is 1800889 prime?
True
Is 2243471 composite?
True
Is 76773161 prime?
True
Is 2029871 a composite number?
False
Is 1465202 a prime number?
False
Is 31613297 prime?
False
Is 5171 a prime number?
True
Is 1333595482 a composite number?
True
Is 13991189 composite?
True
Is 268181057 a prime number?
True
Is 4065877 a prime number?
True
Is 79232573 a prime number?
False
Is 242477607 prime?
False
Is 6079243 composite?
False
Is 93798921 composite?
True
Is 1551299 composite?
True
Is 7114955 a composite number?
True
Is 1052489 prime?
True
Is 431441 a prime number?
True
Is 68433233 a prime number?
False
Is 81812603 prime?
True
Is 205435019 composite?
True
Is 12928297 prime?
True
Is 23348423 prime?
False
Is 20502719 composite?
False
Is 143622883 composite?
False
Is 5553853 composite?
False
Is 827059 a composite number?
True
Is 313201789 a prime number?
True
Is 46379549 a composite number?
False
Is 344723 a prime number?
False
Is 6244189 a composite number?
True
Is 19028459 composite?
True
Is 1677294777 a composite number?
True
Is 8657503 composite?
False
Is 4174369 a prime number?
True
Is 311783713 a composite number?
False
Is 8690267 composite?
False
Is 2454493 a composite number?
False
Is 2860841 prime?
True
Is 18998933 a prime number?
True
Is 306863 a composite number?
True
Is 13939 a prime number?
False
Is 33304555 a prime number?
False
Is 1370741 a prime number?
True
Is 446959463 a prime number?
True
Is 3124709 a prime number?
False
Is 78314279 a prime number?
True
Is 197271857 prime?
True
Is 93557827 a prime number?
False
Is 150297577 prime?
True
Is 1344457 a composite number?
False
Is 25975267 a composite number?
False
Is 15684631 a prime number?
True
Is 3922879 composite?
True
Is 22325357 a prime number?
False
Is 2745739 composite?
True
Is 6241399 prime?
True
Is 76241101 a prime number?
True
Is 3611705 prime?
False
Is 106130909 composite?
False
Is 3468209 composite?
False
Is 673885 a prime number?
False
Is 7247839 prime?
True
Is 2113193 a prime number?
False
Is 3440753 prime?
False
Is 781021 a composite number?
False
Is 35296351 a composite number?
False
Is 106166401 a prime number?
False
Is 223942997 composite?
False
Is 123450841 a prime number?
True
Is 37925593 composite?
False
Is 98151685 prime?
False
Is 28527467 prime?
False
Is 32785873 prime?
True
Is 65201663 composite?
True
Is 12776509 a prime number?
False
Is 145464173 prime?
False
Is 2990903 a prime number?
False
Is 22915067 a composite number?
True
Is 38939713 a composite number?
True
Is 130826123 composite?
False
Is 218362697 a composite number?
True
Is 12985451 composite?
True
Is 36413591 composite?
False
Is 2258869 a composite number?
Tru